1949. What is the hundreds digit of g?
0
Suppose 0 = 5*i + 4*x - 128725, -3*x = -5*i + 2*x + 128680. Suppose -47*r + i = -32351. What is the tens digit of r?
3
Let k(n) = 98*n**2 + 47*n + 48. What is the thousands digit of k(14)?
9
Suppose 7*r + z - 401556 = 0, 0 = 50*r - 51*r - 3*z + 57348. What is the units digit of r?
6
Let t(g) = -g**2 + 14*g + 49. Let b be t(17). What is the tens digit of 744 + -1 - (b + 3 + 3)?
3
Suppose -p - 32371 = -2*h, -3*h + 45712 + 2852 = -3*p. What is the thousands digit of h?
6
What is the units digit of ((-33)/2*89)/(5/560*-7)?
6
Let i(z) = 9*z**2 - 32*z - 19. Let g(f) = 23*f**2 - 97*f - 57. Let n(k) = -3*g(k) + 8*i(k). What is the tens digit of n(-25)?
1
What is the units digit of ((-1)/3)/((-144)/2361312)?
6
Let p(g) = 2*g**3 - g**2 + 7*g - 9. Let n be p(2). Suppose -16*a = -n*a + 106. What is the hundreds digit of a?
1
Let b(g) = -g**3 + 17*g**2 - 27*g + 10. Let v(s) = -15*s**3 + s**2 - s - 2. Let u be v(-1). What is the units digit of b(u)?
5
Let s(i) = -914*i - 171. What is the tens digit of s(-3)?
7
Let w be 6*(-341)/124*(-4)/3. Suppose w*s = -s + 41975. What is the units digit of s?
5
Suppose -3*r - 5*c + 17 = -r, 32 = 5*r + 2*c. Suppose 11*m = r*m + 1645. What is the hundreds digit of m?
3
Suppose 0 = -7*d - 9962 - 405. Let i = d - -2205. What is the units digit of i?
4
Let v = -248 + 251. Suppose 0 = -4*z + 12, 0 = -v*r - z + 450 + 468. What is the units digit of r?
5
Let p = -82 + 157. Suppose 3*y = -3*x + p, -6*x + 89 = -x - 4*y. Let u = x + 60. What is the tens digit of u?
8
Let m = -40 + 45. Let r = m + -2. What is the units digit of (-429)/(-77) + r/7?
6
Suppose 704 = 5*x - 1101. Let v = x + -816. Let k = v - -709. What is the hundreds digit of k?
2
Suppose 8079 = -4*q - 5*i + 59480, 7*q - 2*i = 89941. What is the units digit of q?
9
Let x = 118 + 749. Let j = x + -495. What is the hundreds digit of j?
3
Suppose d = -3*d + 64. Let u be ((-102)/170)/(2/290). Let f = d - u. What is the units digit of f?
3
Suppose -18*c + 19*c = -2, -2*c = -4*x + 308. Let p = 158 - x. What is the tens digit of p?
8
Suppose 6*m = -0*m + 18. Suppose -3*k = m*u - 0*u - 303, -25 = -5*k. What is the tens digit of u?
9
Let x(z) = 20*z - 47*z + 5 + 13*z + 15*z. Let n be x(2). Let u = 41 - n. What is the units digit of u?
4
Suppose 83689 = 3*a - j, 4*j + 89975 - 34199 = 2*a. What is the thousands digit of a?
7
Let s = -38 + 51. Suppose -s*y = -28*y + 6360. What is the tens digit of y?
2
Suppose -3010444 = -16*t - 164*t + 2168696. What is the tens digit of t?
7
What is the tens digit of (1/3)/(15/300285)?
7
Let z = 99 - 15. Let j = 107 - z. What is the units digit of j?
3
Let q = 827 + -827. Suppose q = -5*k + 4*n - 367 + 1577, k = -4*n + 242. What is the tens digit of k?
4
Let u = -69 - -74. Suppose u*n = 105 + 310. Suppose 4*x + z = n, 2*x + x - 5*z - 45 = 0. What is the units digit of x?
0
Let k be 30*(-3)/(-27)*(-282)/5. What is the units digit of k/(-5)*(12 - -3)/3?
8
Let q be (8 + 56/(-7))/3. Suppose -2*u + 2*o + 1480 = -0*o, -5*u - 5*o + 3710 = q. What is the hundreds digit of u?
7
Suppose -2*t + 1064 = -5*k - 757, -2*t = k + 381. Let j = -137 - -722. Let s = k + j. What is the tens digit of s?
1
Suppose -3*f = -6, -2*f = 2*k + 2*k - 76. Suppose 21*o = 27*o - k. What is the hundreds digit of -10 + 257 - o*(-1 + 0)?
2
Let g(c) = 2*c**3 - 256*c**2 + 39*c + 646. What is the units digit of g(129)?
9
Suppose 0 = 2*n + 3 + 3. Let i be (n - (-6 + 2)) + 1. What is the units digit of (1 - -155)/4 - i?
7
Suppose -132*m - 113*m = -96*m - 2041151. What is the tens digit of m?
9
Let o(c) = 30*c - 22. Let w(p) = 4*p. Let s(k) = o(k) - 6*w(k). Let q(z) = -24*z + 2. Let r be q(-1). What is the units digit of s(r)?
4
Let q be 186/2 - (4 - 1). Let n = 72 - q. Let a = n + 72. What is the units digit of a?
4
Let u(f) = -2*f - 25. Suppose -13*d = -19*d - 102. What is the units digit of u(d)?
9
What is the tens digit of -1*77*138910/(-1015)?
3
Let a be ((-4)/(-10) + 0)/((-40)/(-2300)). Let w be 3 + a + -1 - (-4 - -5). What is the units digit of w/(-5) + 5 + 104/5?
1
Suppose 3*q - 4*q = 112. Let r = q - -337. Let p = r - 100. What is the units digit of p?
5
Suppose 12 = -3*w - 3*p, -5*w - 12 = 4*p + 4. Suppose w = -6*y + 2*y + 4*a + 2624, -3*a = 5*y - 3312. What is the tens digit of y?
6
Let s(l) = 21*l - 8. Let j be s(2). Let r(f) = 3*f**2 - 64*f - 96. What is the hundreds digit of r(j)?
1
Suppose 4*x = 3*a + 399, 513 = 5*x - 0*a + a. Suppose -x*h = -108*h + 600. What is the tens digit of h?
0
Suppose 27*z = 30*z + 24*z - 129114. What is the thousands digit of z?
4
What is the units digit of 4/18 - (481504/(-9))/16?
4
Let v(j) be the first derivative of 9*j**2/2 + 224*j + 156. What is the tens digit of v(33)?
2
Suppose 8 = 5*i + s - 0, 5*i - s - 12 = 0. Let q be (2/i)/((-4)/(-8)). What is the tens digit of q*1/(-2)*-89?
8
Let u(q) = q**3 + 7*q**2 - 4*q + 17. Let a be u(-7). Let z = a + -3. What is the tens digit of z?
4
Suppose 3*j = 4*v + 3, 12 = -3*v - v. Let s be j/(-9) + ((-8)/(-3) - -1). Suppose -s*h = -4*n - 40, h + h = -2*n. What is the units digit of h?
5
Suppose -86375 = -5*v - 23*r, -r + 59970 = 3*v + 8209. What is the ten thousands digit of v?
1
Let h be (-134)/(-6) + 3 + 40/(-12). Let t = h + -20. Suppose 0 = -t*o - 5*z + 214, -3*o + 3*z + 119 = -160. What is the tens digit of o?
9
What is the thousands digit of (-2)/(0 + -2 + (7309/2437 - 1))?
2
Suppose 0 = -4*q - 1105 - 107. Suppose -3*k = -0*k + 342. Let t = k - q. What is the tens digit of t?
8
Suppose -3 = -18*x + 33. Suppose -x*o - 2044 = -2*s, 3*o - 5510 = -4*s - 1436. What is the thousands digit of s?
1
Let w(b) = -2*b**2 - 18*b. Let x be w(-9). Suppose -4*r + 5*z + 0*z = -115, -3*r + 2*z + 81 = x. What is the tens digit of r?
2
Let r(l) = l**2 + l - 4. Let k be r(2). Suppose 4*p - 5*y - 27 = 16, k*y - 1 = -p. Suppose -j = 3*v - 311, 2*v - p*v = -5*j - 505. What is the units digit of v?
3
Suppose 10773 = 37*a - 89322 - 1157683. What is the thousands digit of a?
3
Let o(m) = m**2 + 4*m + 4. Let c be o(-4). Let v be 5 + (c - (3 - -4)). What is the units digit of 15 - -54 - (v - 1)?
8
Suppose 515 = 10*n - 11*n - 3*d, 2537 = -5*n + 4*d. Let s = n + 950. What is the units digit of s?
1
Let x = -600 + 602. Suppose -5*g - 4*n + 764 = -g, x*g = 3*n + 392. What is the units digit of g?
3
Suppose 67 - 52 = 5*a. Let h be a/(-12) + (-447)/4. Let o = 184 + h. What is the units digit of o?
2
Suppose -6*w - 12 = -8*w. Suppose 0 = w*l - 2*l + 392. Let d = -22 - l. What is the tens digit of d?
7
Suppose -8*n = -9*n + 3. Let y(t) = 35*t**2 - 3*t + 21. What is the tens digit of y(n)?
2
What is the units digit of ((-104)/(-572) - (-86)/(-110))*-8305?
3
Let g(k) = -k + 1. Let d(h) = -36*h - 39. Let b(z) = -3*d(z) + 6*g(z). What is the units digit of b(7)?
7
Suppose -b = -28*o + 23*o - 9318, -4*b + 3*o = -37425. What is the hundreds digit of b?
3
Let z(f) = f + 1. Let p(j) = -49*j + 6. Let s(l) = -2*p(l) + 6*z(l). What is the units digit of s(4)?
0
Suppose -215*z + 167*z = -669408. What is the hundreds digit of z?
9
Let b = 12436 + 6344. What is the hundreds digit of b?
7
Let l(q) = -3*q**2 - 11*q - 1. Let z be l(-9). Let g be ((-38)/(-4) - 8)*(160 - 0). Let j = z + g. What is the units digit of j?
5
Let m = 1021 - 626. Let q = m + -100. What is the hundreds digit of q?
2
Let h be (2 - (2 - 1))*70. Let v = h - 15. What is the units digit of v + 1/(3 - 2)?
6
Suppose 2*l + 11 + 1 = 0. Let m = 118 + -91. What is the hundreds digit of l/(-9) - 447*(-6)/m?
1
Let o be (-2376)/(-234) - (-2)/(-13). Let l be 5/((-210)/(-12)) - o/(-14). What is the tens digit of l/((-5)/(-15))*29?
8
Suppose 27*w + 18 = 30*w. Suppose -2*h = x + 2, h - 3*x - w = -3*h. Suppose h = 8*j - 104 - 880. What is the hundreds digit of j?
1
Suppose -8*k + 7989 = 1181. Let s = -496 + k. What is the hundreds digit of s?
3
Let h(y) = -14*y**3 - 12*y**2 - 5*y - 7. What is the units digit of h(-9)?
2
Let i = 38954 + -11727. What is the ten thousands digit of i?
2
Let w be 8/44 - (-4920)/44. Let y = w - 109. Suppose -404 = -2*q - 4*b - b, -2*b = y*q - 595. What is the units digit of q?
7
Let b = 512 + -268. Suppose o + 4 = -3*t + 108, 5*o - t - 584 = 0. Suppose b = 9*j - o. What is the tens digit of j?
4
Let h = -4844 - -5370. What 